
{"id":73,"date":"2017-02-09T23:54:12","date_gmt":"2017-02-10T07:54:12","guid":{"rendered":"https:\/\/sites.lifesci.ucla.edu\/ibp-correalab\/?page_id=73"},"modified":"2026-04-02T18:20:59","modified_gmt":"2026-04-03T01:20:59","slug":"publications","status":"publish","type":"page","link":"https:\/\/sites.lifesci.ucla.edu\/ibp-correalab\/publications\/","title":{"rendered":"Publications"},"content":{"rendered":"<p>If you do not have access or need a PDF, please email Stephanie for a free copy.<\/p>\n<div>\n<div>\n<h1 class=\"DataField11pt-Single\">Preprints (in peer review or revision)<\/h1>\n<p class=\"DataField11pt-Single\"><a href=\"https:\/\/www.biorxiv.org\/content\/10.64898\/2025.12.14.694224v1\">A bifunctional optical reporter for tracking estrogen response dynamics in neurons<\/a><br \/>\nPre-print: <em>BioRxiv<\/em> <span class=\"highwire-cite-metadata-journal highwire-cite-metadata\">\u00a0<\/span><span class=\"highwire-cite-metadata-pages highwire-cite-metadata\">2025.12.14.694224<\/span><br \/>\nCara, A.L.<span style=\"font-size: 1rem\">*<\/span>, Guthman, E.M.<span style=\"font-size: 1rem\">*<\/span>, Mishra, A., Hall, A.L., Yokoyama, S.,<span class=\"apple-converted-space\">\u00a0<\/span>Sandoval, N.P., Gregg, I.,\u00a0Aghi, K., Soma, K.K.,<span class=\"apple-converted-space\">\u00a0<\/span>Correa, S.M.<sup>#<\/sup>, Falkner, A.L.<sup>#<\/sup>, and van Veen, J.E.<sup>#<\/sup><br \/>\n<span style=\"font-size: 1rem\">*co-first authors, <sup>#<\/sup>co-corresponding authors<\/span><\/p>\n<div>\n<p class=\"DataField11pt-Single\"><a href=\"https:\/\/www.biorxiv.org\/content\/10.64898\/2026.01.26.701850v1\">Targeting Estrogen to the Brain via the Prodrug DHED does not Protect Against Metabolic Dysfunction in Obese, OVX mice<u><br \/>\n<\/u><\/a>Pre-print:<i> BioRxiv<\/i> 2026.01.26.701850<br \/>\nCamon, C., Kip, E., Lord, R., Decourt, C., Prescott, Ml., Clarkson, J., Sandoval, N.P., Vander, P., van Veen, J.E., Prokai-Tatrai, K., Correa, S.M., Campbell, R.E., and Garratt, M.<\/p>\n<h1 class=\"DataField11pt-Single\"><strong>Research Articles<\/strong><\/h1>\n<p class=\"DataField11pt-Single\"><a style=\"font-size: revert\" href=\"https:\/\/www.nature.com\/articles\/s41593-026-02224-0\">Cortical regulation of collective social dynamics during environmental challenge<\/a><span style=\"font-size: revert\">.<br \/>\n<\/span><em style=\"font-size: 1rem\">Nature Neuroscience<\/em><span style=\"font-size: 1rem\">, (2026)<br \/>\n<\/span><span style=\"font-size: revert\">Raam T.*,<\/span><span style=\"font-size: 1rem\"><sup>#<\/sup><\/span><span style=\"font-size: revert\">, Li, Q.*, Gu L.*, Elagio G., Lim K.Y., Taimish, J.Y., Zhang, X., Sandoval, N.P., Correa, S.M., and Hong, W.<\/span><span style=\"font-size: 1rem\"><sup>#<\/sup><\/span><span style=\"font-size: revert\">, <\/span><span style=\"font-size: 1rem\">*co-first authors, <sup>#<\/sup>co-corresponding authors<\/span><\/p>\n<\/div>\n<\/div>\n<p class=\"DataField11pt-Single\"><span style=\"font-size: 1rem\"><a style=\"font-size: 1rem\" href=\"https:\/\/doi.org\/10.1210\/endocr\/bqaf177\">Sex-specific thermoregulatory effects of estrogen signaling in <i>Reprimo<\/i> lineage cells<\/a>.<br \/>\n<span style=\"font-size: 1rem\"><em>Endocrinology<\/em>, bqaf177 (2025)<br \/>\nPark, J.W.*, Cortes, L.R.*<\/span><span style=\"font-size: 1rem\">, Sandoval, N.P., Vree A.R., Baron A.G., Vranich, K., Fideles, H.J., Martinez, R.M., Dilday, E.A., Hansen, M.R., Lopez, J.I., Kammel, L.G., Veen J.E., Correa, S.M.<\/span>\u00a0<span style=\"font-size: 1rem\"> *co-first authors<\/span><\/span><\/p>\n<\/div>\n<div>\n<p><span data-delta=\"12\" data-hasqtip=\"1\" aria-describedby=\"qtip-1\"><a href=\"https:\/\/www.cell.com\/iscience\/fulltext\/S2589-0042(23)01995-8\">Feeding Neurons Integrate Metabolic and Reproductive States in Mice.<\/a><br \/>\n<\/span><em style=\"font-size: 1rem\">iScience <\/em><span style=\"font-size: 1rem\">10, 107918 <\/span><span style=\"font-size: 1rem\"> (2023)<\/span><br \/>\nMassa, M.G., Scott, R.L., Cara, A.L., Cortes, L.R., Vander, P.B., Sandoval, N.P., Park, J.W., Ali, S.<span data-delta=\"12\" data-hasqtip=\"1\" aria-describedby=\"qtip-1\">, Velez, L.M., Wang, H.B., <\/span>Ati, S.S.<span data-delta=\"12\" data-hasqtip=\"1\" aria-describedby=\"qtip-1\">, <\/span>Tesfaye, B.<span data-delta=\"12\" data-hasqtip=\"1\" aria-describedby=\"qtip-1\">, Reue, K., van Veen, J.E., Seldin, M.M., and <\/span>Correa, S.M. <span data-delta=\"12\" data-hasqtip=\"1\" aria-describedby=\"qtip-1\">\u00a0<\/span><\/p>\n<p><span class=\"highwire-citation-author first\" data-delta=\"0\"><span class=\"nlm-surname\"><span class=\"highwire-citation-author\" data-delta=\"8\"><a href=\"https:\/\/www.nature.com\/articles\/s41380-023-01981-9\">Nuclear Receptor 5A2 Regulation of <em>Agrp<\/em> underlies Olanzapine-induced Hyperphagia<\/a>. <span class=\"highwire-cite-metadata-doi highwire-cite-metadata\"><em>Molecular Psychiatry <\/em>28, 1857\u20131867 (2023)<\/span><br \/>\n<\/span>Zapata<\/span><\/span>, R. C.,<span class=\"highwire-citation-author\" data-delta=\"1\">\u00a0<span class=\"nlm-surname\">Zhang<\/span><\/span>, D.,\u00a0<span class=\"highwire-citation-author\" data-delta=\"2\"><span class=\"nlm-surname\">Libster<\/span><\/span>, A., <span class=\"highwire-citation-author\" data-delta=\"3\"><span class=\"nlm-surname\">Porcu<\/span><\/span>, A.,<span class=\"highwire-citation-author\" data-delta=\"4\">\u00a0<span class=\"nlm-surname\">Montilla-Perez<\/span><\/span>, P.,<span class=\"highwire-citation-author\" data-delta=\"5\">\u00a0<span class=\"nlm-surname\">Zhang<\/span><\/span>, Z.,\u00a0<span class=\"highwire-citation-author\" data-delta=\"6\"><span class=\"nlm-surname\">Correa<\/span><\/span>, S. M., <span class=\"highwire-citation-author\" data-delta=\"7\"><span class=\"nlm-surname\">Telese<\/span><\/span>, F. and<span class=\"highwire-citation-author\" data-delta=\"8\">\u00a0<span class=\"nlm-surname\">Osborn, O.\u00a0<\/span><\/span><\/p>\n<p><a href=\"https:\/\/elifesciences.org\/articles\/63333\">Estrogen receptor alpha in the brain mediates tamoxifen-induced changes in physiology in mice<\/a><br \/>\n<em>eLife, 10:e63333 <\/em>(2021)<br \/>\nZhan<span class=\"css-901oao css-16my406 r-1qd0xha r-ad9z0x r-bcqeeo r-qvutc0\"><a href=\"https:\/\/sites.lifesci.ucla.edu\/ibp-correalab\/wp-content\/uploads\/sites\/59\/2021\/04\/Screen-Shot-2021-04-25-at-7.20.28-PM.png\"><img loading=\"lazy\" decoding=\"async\" class=\"wp-image-491 size-thumbnail alignright\" src=\"https:\/\/sites.lifesci.ucla.edu\/ibp-correalab\/wp-content\/uploads\/sites\/59\/2021\/04\/Screen-Shot-2021-04-25-at-7.20.28-PM-150x150.png\" alt=\"Mouse Infrared thermography image\" width=\"150\" height=\"150\" \/><\/a><\/span>g, Z., Park, J. W., Ahn, I. S., Diamante, G., Sivakumar, N., Arneson, D. V., Yang, X., van\u00a0Veen, J.\u00a0E.<sup>#<\/sup> and Correa, S. M.<sup># <\/sup><sup>#<\/sup>corresponding authors.<br \/>\n<span class=\"css-901oao css-16my406 r-1qd0xha r-ad9z0x r-bcqeeo r-qvutc0\">Query the scRNA-seq data from this publication <a href=\"https:\/\/correalab.shinyapps.io\/tamoxifenshiny\/\">here.<\/a><br \/>\nRead the summary of the paper by\u00a0<em>eLife<\/em> Digest, <a href=\"https:\/\/elifesciences.org\/digests\/63333\/all-in-the-head\">All in the Head.<\/a><\/span><\/p>\n<p><a href=\"https:\/\/www.nature.com\/articles\/s41586-021-04010-3\">Oestrogen engages brain MC4R signalling to drive physical activity in female mice<\/a>. <i>Nature<\/i> 599, 131\u2013135 (2021)<br \/>\nKrause, W. C., Rodriguez, R., Gegenhuber, B., Matharu, N., Rodriguez, A. N., Padilla-Roger, A. M., Toma, K., Herber, C. B., Correa, S. M., Duan, X. Ahituv, N., Tollkuhn, J., and Ingraham, H. A.<\/p>\n<p><span lang=\"NL\"><a href=\"http:\/\/rdcu.be\/cb2pd\">Estrogen-Sensitive Medial Preoptic Area Neurons Coordinate Torpor in Mice<\/a><br \/>\n<i style=\"font-size: revert\">Nature Communications, <\/i><span style=\"font-size: revert\">11:6278 (2020)<br \/>\nZhang, Z., Reis, F. M. C. V., He, Y., Park, J. W., DiVittorio, J. R., Sivakumar, N., van Veen, J. E., Pereira, S., Shum, M., Nichols, I., Anderson, S., Massa, M. G., Paul, K. N., Liesa, M., Ajijola, O. A., Xu, Y, Adhikari, A., and Correa, S. M. <\/span><br \/>\n<\/span><\/p>\n<p><a href=\"https:\/\/sites.lifesci.ucla.edu\/ibp-correalab\/wp-content\/uploads\/sites\/59\/2020\/04\/kammel-cover-lowres.jpg\"><img loading=\"lazy\" decoding=\"async\" class=\" wp-image-316 alignleft\" src=\"https:\/\/sites.lifesci.ucla.edu\/ibp-correalab\/wp-content\/uploads\/sites\/59\/2020\/04\/kammel-cover-lowres-226x300.jpg\" alt=\"\" width=\"201\" height=\"267\" srcset=\"https:\/\/sites.lifesci.ucla.edu\/ibp-correalab\/wp-content\/uploads\/sites\/59\/2020\/04\/kammel-cover-lowres-226x300.jpg 226w, https:\/\/sites.lifesci.ucla.edu\/ibp-correalab\/wp-content\/uploads\/sites\/59\/2020\/04\/kammel-cover-lowres-723x960.jpg 723w, https:\/\/sites.lifesci.ucla.edu\/ibp-correalab\/wp-content\/uploads\/sites\/59\/2020\/04\/kammel-cover-lowres-768x1020.jpg 768w, https:\/\/sites.lifesci.ucla.edu\/ibp-correalab\/wp-content\/uploads\/sites\/59\/2020\/04\/kammel-cover-lowres-624x829.jpg 624w, https:\/\/sites.lifesci.ucla.edu\/ibp-correalab\/wp-content\/uploads\/sites\/59\/2020\/04\/kammel-cover-lowres.jpg 929w\" sizes=\"auto, (max-width: 201px) 100vw, 201px\" \/><\/a><\/p>\n<p><a href=\"https:\/\/doi.org\/10.1038\/s42255-020-0189-6\">Hypothalamic oestrogen receptor alpha establishes a sexually dimorphic regulatory node of energy expenditure<\/a>. <i>Nature Metabolism,<\/i> 2: 351\u2013363 (2020)<br \/>\nvan Veen, J. E.<strong>*<\/strong>,\u00a0Kammel, L. G.<strong>*<\/strong>, Bunda, P. C., Shum, M., Reid, M. S., Massa, M. G., Arneson, D. V., Park, J. W., Zhang, Z., Joseph, A. M., Hrncir, H., Liesa, M., Arnold, A. P., Yang, X., and Correa, S. M. *<span style=\"font-size: 1rem\">co-first authors<\/span><\/p>\n<p>Cover image by Laura Kammel, PhD &#8212; Link to viewable PDF: <a class=\"css-4rbku5 css-18t94o4 css-901oao css-16my406 r-1n1174f r-1loqt21 r-1qd0xha r-ad9z0x r-bcqeeo r-qvutc0\" title=\"https:\/\/rdcu.be\/b3xKk\" role=\"link\" href=\"https:\/\/t.co\/KKls70ocRO?amp=1\" target=\"_blank\" rel=\"noopener noreferrer\" data-focusable=\"true\">rdcu.be\/b3xKk<\/a>\u00a0&#8212;<span class=\"css-901oao css-16my406 r-1qd0xha r-ad9z0x r-bcqeeo r-qvutc0\">Query the scRNA-seq data from this publication <a href=\"https:\/\/correalab.shinyapps.io\/natmetabshiny\/\">here<\/a>.<\/span><\/p>\n<p><a href=\"https:\/\/link.springer.com\/article\/10.1186\/s13293-020-00305-8\">Transcriptional analysis of the multiple <em>Sry<\/em> genes and developmental program at the onset of testis differentiation in the rat<\/a><br \/>\n<em>Biology of Sex Differences,<\/em>11: 28 (2020)<br \/>\nProkop, J. W., Chhetri, S., van Veen, J. E., Chen, X., Underwood, A. C., Uhl, K., Dwinell, M. R., Geurts, A. M., Correa, S. M., and Arnold, A. P.<\/p>\n<\/div>\n<p><a href=\"https:\/\/authors.elsevier.com\/a\/1b99b3IQ%7Eq8Gyn\">Sexes on the Brain: Sex as Multiple Biological Variables in the Neural Control of Feeding<\/a>. <i>BBA Molecular Basis of Disease <\/i>1866:165840 (2020)<br \/>\nMassa, M. G.<sup>#<\/sup> and Correa, S. M.<sup>#<\/sup>\u00a0 (<sup>#<\/sup>corresponding authors)<\/p>\n<p><a href=\"https:\/\/doi.org\/10.1038\/s41467-018-08046-4\">Estrogen signaling in arcuate <em>Kiss1<\/em>neurons suppresses a sex-dependent female circuit promoting dense strong bones<\/a><br \/>\n<em>Nature Communications<\/em>, 10: article 163 (2019)<br \/>\nHerber C. B.*, Krause, W. C.*, Wang, L., Bayrer, J. R., Li, A., Schmitz, M., Fields, A., Ford, B., Zhang, Z., Reid, M. S., Nomura, D. K., Nissenson, R. A., Correa S. M.<sup>#<\/sup>, and Ingraham, H. A.<sup>#<\/sup> *<span style=\"font-size: 1rem\">co-first authors<\/span> <sup>#<\/sup>corresponding authors<\/p>\n<p><a href=\"https:\/\/doi.org\/10.1038\/s42255-019-0127-7\">IDOL regulates systemic energy balance through control of CNS VLDLR expression<\/a>. <i>Nature Metabolism <\/i>1:<b>\u00a0<\/b>1089\u20131100 (2019)<br \/>\nLee, S. D.*, Priest, C.*, Bjursell, M., Gao, J., Arneson, D. V., Ahn, I. S., Diamante, G., van Veen, J. E., Massa, M. G., Calkin, A. C., Kim, J., Anders\u00e9n, H., Porritt, M., Carreras, A., Ahnmark, A., Seeliger, F., Maxvall, I., Eliasson, P., Althage, M., \u00c5kerblad, P., Lind\u00e9n, D., Cole, T. A., Lee, R., Boyd, H., Bohlooly-Y, M., Correa, S. M., Yang, X., Tontonoz, P., and Hong, C. *<span style=\"font-size: 1rem\">co-first authors<\/span><\/p>\n<p><a href=\"https:\/\/doi.org\/10.1016\/j.celrep.2014.12.011\">An Estrogen-Responsive Module in the Ventromedial Hypothalamus Selectively Drives Sex-Specific Activity in Females<\/a><br \/>\n<em>Cell Reports, <\/em>10: 62-74 (2015)<br \/>\nCorrea, S. M., Newstrom, D. W., Warne J. P., Flandin, P., Cheung, C. C., Pierce, A. A., Lin-Moore, A. T., Xu, A. W., Rubenstein, J. L. and H. A. Ingraham.<\/p>\n<h1 class=\"DataField11pt-Single\"><strong>Review Articles &amp; Highlights<\/strong><\/h1>\n<p style=\"font-weight: 400\"><a href=\"https:\/\/academic.oup.com\/endo\/article\/doi\/10.1210\/endocr\/bqaf141\/8254562?utm_source=authortollfreelink&amp;utm_campaign=endo&amp;utm_medium=email&amp;guestAccessKey=1714d636-7919-4a0a-bd92-4acf6533f8ad\">Biological mechanisms balancing torpor and reproduction in mammals<\/a><br \/>\n<em>Endocrinology, <\/em>166: bqaf141\u00a0(2025)<br \/>\nVander, P. B. and Correa, S. M.<\/p>\n<p style=\"font-weight: 400\"><a href=\"https:\/\/www.sciencedirect.com\/science\/article\/pii\/S0166223625001432?via%3Dihub\">Hypothalamic prolactin signaling protects against overheating in pregnancy<\/a><br \/>\n<em>Trends in Neurosciences<\/em>\u00a0(2025)<br \/>\nCortes, L. R. and Correa, S. M.<\/p>\n<div>\n<div>\n<p class=\"DataField11pt-Single\"><a href=\"https:\/\/rdcu.be\/etAca\">Metabolic Messengers: estradiol<\/a><br \/>\n<i>Nature Metabolism, <\/i>7:1114-1122 (2025)<br \/>\nHevener, A.L. and Correa, S.M.<\/p>\n<\/div>\n<p class=\"DataField11pt-Single\"><a href=\"https:\/\/www.nature.com\/articles\/s43587-024-00767-0.epdf?sharing_token=iRj8eP1ADDNNYqmzHYY1rNRgN0jAjWel9jnR3ZoTv0PILzNPKsP6S_CwPr_8dW31Lx2bbNgR41eCWNctWd-rt1jneMQN3mhO62abBojETSjRAWHpHxDS8Hd2LqXNzM_a6VDEovKkus3QXHvpw7wgT2Ya6O40jgAtcO1JXU5q3dk%3D\"><span lang=\"EN-NZ\">Exploring the effects of estrogen deficiency and aging on organismal homeostasis during menopause<\/span><\/a><br \/>\n<i>Nature Aging<\/i>, 4:1731\u20131744 (<span data-test=\"article-publication-year\">2024<\/span>)<br \/>\nCamon, C., Garratt, M., Correa, S. M.<\/p>\n<p><a href=\"https:\/\/academic.oup.com\/endo\/advance-article\/doi\/10.1210\/endocr\/bqab087\/6262699?guestAccessKey=e1759ce4-9686-4ea7-aba2-00b3e41f42e0\">The effects of estrogens on neural circuits that control temperature<\/a><br \/>\n<i>Endocrinology,\u00a0<\/i>162:bqab087 (2021)<br \/>\nZhang, Z., DiVittorio, J.R., Joseph, A.M., and Correa, S.M.<\/p>\n<p><a href=\"https:\/\/doi.org\/10.1111\/jne.12801\"><span style=\"text-decoration: underline\">Selective sexual differentiation of neurone populations may contribute to sex-specific outputs of the ventromedial hypothalamus<\/span><\/a><br \/>\n<i>J Neuroendocrinol<\/i>.; <span class=\"vol\">00<\/span>:e12801 (2020)<br \/>\nKammel, L. G. and Correa, S. M.<\/p>\n<p><strong style=\"font-size: 21px\"><br \/>\nCommentaries &amp; Profiles<\/strong><\/p>\n<\/div>\n<p>2023 The Science Show with Robyn Williams \u201c<a href=\"https:\/\/www.abc.net.au\/listen\/programs\/scienceshow\/the-hot-and-cold-effects-of-our-hormones\/102421520?utm_campaign=abc_radionational&amp;utm_content=twitter&amp;utm_medium=content_shared&amp;utm_source=abc_radionational\">The hot and cold effects of our hormones<\/a>\u201dAustralian Broadcasting Corp<\/p>\n<p>2022 U Magazine (UCLA Health) Spotlight \u201c<a href=\"https:\/\/www.uclahealth.org\/u-magazine\/what-s-the-difference\">What\u2019s the Difference?<\/a>\u201d<\/p>\n<p>2021 Daily Bruin Article: \u201c<a href=\"\/\/F4BCD320-5081-4C64-987F-0AC09917181D\/Latino%20scientific%20researchers%20reflect%20on%20achievements,%20importance%20of%20mentorship\">Latino scientific researchers reflect on achievements, importance of mentorship<\/a>\u201d with MS student Amanda Misquez<\/p>\n<p>2021 UCLA College Featured Story \u201c<a href=\"https:\/\/www.college.ucla.edu\/2021\/09\/30\/assistant-professor-stephanie-correa-and-doctoral-student-norma-sandoval-are-working-together-to-advance-science-as-well-as-equity-at-ucla-and-beyond\/\">Stronger Together<\/a>\u201d with doctoral student, Norma Sandoval<\/p>\n<p>2021 <a href=\"https:\/\/rdcu.be\/cia7F\">Career Pathway profile<\/a> in <em>Nature Metabolism, <\/em>doi: 10.1038\/s42255-021-00379-7<\/p>\n<p>2021 <em>Knowing Neurons<\/em> neuroscience education website, <a href=\"https:\/\/knowingneurons.com\/2021\/02\/15\/sex-differences-in-the-neural-control-of-thermogenesis-an-interview-with-dr-stephanie-correa\/\">interview by Arielle Hogan<\/a><\/p>\n<p>2018 Commentary with Rebecca M.\u00a0Calisi and a Working Group of Mothers in Science. &#8220;<a href=\"https:\/\/www.pnas.org\/content\/115\/12\/2845\">How to Tackle the Childcare\u2013Conference Conundrum<\/a>&#8220;,\u00a0<i>Proceedings of the National Academy of Sciences\u00a0<\/i>201803153; doi:10.1073\/pnas.1803153115<\/p>\n","protected":false},"excerpt":{"rendered":"<p>If you do not have access or need a PDF, please email Stephanie for a free copy. Preprints (in peer review or revision) A bifunctional optical reporter for tracking estrogen response dynamics in neurons Pre-print: BioRxiv \u00a02025.12.14.694224 Cara, A.L.*, Guthman, E.M.*, Mishra, A., Hall, A.L., Yokoyama, S.,\u00a0Sandoval, N.P., Gregg, I.,\u00a0Aghi, K., Soma, K.K.,\u00a0Correa, S.M.#, Falkner, [&hellip;]<\/p>\n","protected":false},"author":86,"featured_media":0,"parent":0,"menu_order":0,"comment_status":"closed","ping_status":"closed","template":"","meta":{"footnotes":""},"class_list":["post-73","page","type-page","status-publish","hentry"],"_links":{"self":[{"href":"https:\/\/sites.lifesci.ucla.edu\/ibp-correalab\/wp-json\/wp\/v2\/pages\/73","targetHints":{"allow":["GET"]}}],"collection":[{"href":"https:\/\/sites.lifesci.ucla.edu\/ibp-correalab\/wp-json\/wp\/v2\/pages"}],"about":[{"href":"https:\/\/sites.lifesci.ucla.edu\/ibp-correalab\/wp-json\/wp\/v2\/types\/page"}],"author":[{"embeddable":true,"href":"https:\/\/sites.lifesci.ucla.edu\/ibp-correalab\/wp-json\/wp\/v2\/users\/86"}],"replies":[{"embeddable":true,"href":"https:\/\/sites.lifesci.ucla.edu\/ibp-correalab\/wp-json\/wp\/v2\/comments?post=73"}],"version-history":[{"count":112,"href":"https:\/\/sites.lifesci.ucla.edu\/ibp-correalab\/wp-json\/wp\/v2\/pages\/73\/revisions"}],"predecessor-version":[{"id":1006,"href":"https:\/\/sites.lifesci.ucla.edu\/ibp-correalab\/wp-json\/wp\/v2\/pages\/73\/revisions\/1006"}],"wp:attachment":[{"href":"https:\/\/sites.lifesci.ucla.edu\/ibp-correalab\/wp-json\/wp\/v2\/media?parent=73"}],"curies":[{"name":"wp","href":"https:\/\/api.w.org\/{rel}","templated":true}]}}